{"id":11607,"date":"2023-10-14T11:14:58","date_gmt":"2023-10-14T09:14:58","guid":{"rendered":"https:\/\/www.tsv-assamstadt.de\/?page_id=11607"},"modified":"2025-03-12T20:05:14","modified_gmt":"2025-03-12T19:05:14","slug":"mitgliedschaft-2","status":"publish","type":"page","link":"https:\/\/www.tsv-assamstadt.de\/?page_id=11607","title":{"rendered":"Mitgliedschaft und Satzung"},"content":{"rendered":"\n<p>Hier gibt es die wichtigsten Formulare als PDF:<\/p>\n<p><strong>Mitgliedschaft<\/strong><\/p>\n<p>Folgendes Formular kann f\u00fcr Beitrittserkl\u00e4rungen, \u00c4nderungen der Mitgliedschaft als auch Austrittserkl\u00e4rungen genutzt werden:<\/p>\n<p><a href=\"https:\/\/www.tsv-assamstadt.de\/wp-content\/uploads\/2025\/03\/TSV_Assamstadt_Mitgliedsformular_v032025.pdf\" target=\"_blank\" rel=\"noopener\">TSV Assamstadt &#8211; Mitgliederformular (Stand 03.2025)<\/a><\/p>\n<p>Die aktuelle Beitragsstruktur zu den einzelnen Abteilungen sind in folgendem Dokument hinterlegt:<\/p>\n<p><a href=\"https:\/\/www.tsv-assamstadt.de\/wp-content\/uploads\/2024\/02\/TSV-Assamstadt_Mitgliedsbeitraege_ab_25.03.2023.pdf\" target=\"_blank\" rel=\"noopener\">TSV Assamstadt &#8211; Beitragsstruktur<\/a><\/p>\n<p>&nbsp;<\/p>\n<p>Bei Fragen zum Thema Mitgliedschaft stehen Ihnen folgende Kommunikationswege zur Verf\u00fcgung:<\/p>\n<ul>\n<li>Mail: <a href=\"http:\/\/mv@tsv-assamstadt.de\" target=\"_blank\" rel=\"noopener\">mv@tsv-assamstadt.de<\/a><\/li>\n<li>Telefon: 06294\/428310 (Anrufbeantworter)<\/li>\n<\/ul>\n<p>&nbsp;<\/p>\n<p><strong>\u00dcbungsleiter<\/strong><\/p>\n<p>Selbstverpflichtungserkl\u00e4rung zum T\u00e4tigkeitsausschluss:<\/p>\n<p><a href=\"https:\/\/www.tsv-assamstadt.de\/wp-content\/uploads\/2024\/02\/Selbstverpflichtungserklaerung_zum_Taetigkeitsausschluss_einschlaegig_vor_TSV_2024.pdf\" target=\"_blank\" rel=\"noopener\">Selbstverpflichtungserkl\u00e4rung zum T\u00e4tigkeitsausschluss TSV 2024<\/a><\/p>\n<p>&nbsp;<\/p>\n<p><strong>Satzungen<\/strong><\/p>\n<p><a href=\"https:\/\/www.tsv-assamstadt.de\/wp-content\/uploads\/2019\/04\/20190412-TSV-Assamstadt-Satzung.pdf\" target=\"_blank\" rel=\"noopener\">Satzung<\/a><\/p>\n\n\n","protected":false},"excerpt":{"rendered":"<p>Hier gibt es die wichtigsten Formulare als PDF: Mitgliedschaft Folgendes Formular kann f\u00fcr Beitrittserkl\u00e4rungen, \u00c4nderungen der Mitgliedschaft als auch Austrittserkl\u00e4rungen genutzt werden: TSV Assamstadt &#8211; Mitgliederformular (Stand 03.2025) Die aktuelle &hellip; <a href=\"https:\/\/www.tsv-assamstadt.de\/?page_id=11607\" class=\"more-link\"><span class=\"screen-reader-text\">Mitgliedschaft und Satzung<\/span> weiterlesen <span class=\"meta-nav\">&rarr;<\/span><\/a><\/p>\n","protected":false},"author":42,"featured_media":0,"parent":0,"menu_order":0,"comment_status":"closed","ping_status":"closed","template":"","meta":{"ngg_post_thumbnail":0,"jetpack_post_was_ever_published":false,"footnotes":""},"class_list":["post-11607","page","type-page","status-publish","hentry"],"jetpack_sharing_enabled":true,"jetpack_shortlink":"https:\/\/wp.me\/PcugUJ-31d","_links":{"self":[{"href":"https:\/\/www.tsv-assamstadt.de\/index.php?rest_route=\/wp\/v2\/pages\/11607","targetHints":{"allow":["GET"]}}],"collection":[{"href":"https:\/\/www.tsv-assamstadt.de\/index.php?rest_route=\/wp\/v2\/pages"}],"about":[{"href":"https:\/\/www.tsv-assamstadt.de\/index.php?rest_route=\/wp\/v2\/types\/page"}],"author":[{"embeddable":true,"href":"https:\/\/www.tsv-assamstadt.de\/index.php?rest_route=\/wp\/v2\/users\/42"}],"replies":[{"embeddable":true,"href":"https:\/\/www.tsv-assamstadt.de\/index.php?rest_route=%2Fwp%2Fv2%2Fcomments&post=11607"}],"version-history":[{"count":0,"href":"https:\/\/www.tsv-assamstadt.de\/index.php?rest_route=\/wp\/v2\/pages\/11607\/revisions"}],"wp:attachment":[{"href":"https:\/\/www.tsv-assamstadt.de\/index.php?rest_route=%2Fwp%2Fv2%2Fmedia&parent=11607"}],"curies":[{"name":"wp","href":"https:\/\/api.w.org\/{rel}","templated":true}]}}